se 11, what is -42598 + -15?
-42602
In base 4, what is -11 + 110222?
110211
In base 4, what is -30 - 103332332?
-103333022
In base 10, what is -54 + -4936?
-4990
In base 7, what is -3124 - 1?
-3125
In base 15, what is -10cb + -1b?
-10e7
In base 2, what is 1 - -110000110101101100?
110000110101101101
In base 10, what is 543397 + -2?
543395
In base 8, what is -16312 - 70?
-16402
In base 3, what is -1010 - 10100200?
-10101210
In base 11, what is 325a + -4?
3256
In base 5, what is -32 - 1343113?
-1343200
In base 4, what is 303 + 3220203?
3221112
In base 12, what is -180aa - 16?
-18104
In base 15, what is 1d06 - 9?
1cec
In base 14, what is c430 + 39?
c469
In base 13, what is -938 + -11b?
-a56
In base 6, what is 241 + 3152?
3433
In base 5, what is 3330010 + 4?
3330014
In base 5, what is -240 + 320034?
314244
In base 16, what is 5 + -3349?
-3344
In base 6, what is 31125 + -20?
31105
In base 16, what is -2074 - 1?
-2075
In base 7, what is -100 - -134616?
134516
In base 6, what is 3 + -30425?
-30422
In base 11, what is 225 - -525?
74a
In base 4, what is -203011 + -11?
-203022
In base 4, what is -11220231002 + 0?
-11220231002
In base 16, what is -2 - -c8ad0?
c8ace
In base 9, what is 181116 + -5?
181111
In base 13, what is -1b9 + -18a4?
-1a90
In base 13, what is 2 + -4a7b?
-4a79
In base 3, what is -210221 - -2000?
-201221
In base 4, what is -103010 - 31312?
-200322
In base 15, what is -15a21 + -1?
-15a22
In base 14, what is 4a5 - -46?
50b
In base 15, what is 9 - -2b28?
2b32
In base 3, what is 10010 + 111200000?
111210010
In base 14, what is -521c3 - -3?
-521c0
In base 13, what is -39b33 + 2?
-39b31
In base 7, what is 233502 + -3?
233466
In base 5, what is 2 + 3100000?
3100002
In base 13, what is -60 + 766c?
760c
In base 3, what is -111110002010 + 0?
-111110002010
In base 2, what is 1011 - 11110100001110?
-11110100000011
In base 2, what is -101110001100111 - -10111?
-101110001010000
In base 11, what is -24 + -44668?
-44691
In base 7, what is -26025 - -342?
-25353
In base 11, what is -155 + -5?
-15a
In base 6, what is 14405 - 5?
14400
In base 2, what is 110 - -10001001110010111?
10001001110011101
In base 14, what is 51c + 13a?
658
In base 3, what is -102020 - 1011202?
-1120222
In base 15, what is 204d - 0?
204d
In base 2, what is 10100 - 10110011?
-10011111
In base 11, what is 216a + 10?
217a
In base 14, what is -24d6 - 13?
-2509
In base 2, what is -111101011010 + 11000010000?
-100101001010
In base 15, what is a05 - -10?
a15
In base 6, what is -1 - -112454?
112453
In base 5, what is 3134222 - -2?
3134224
In base 14, what is -1361a + -26?
-13642
In base 4, what is 2032103 + 213?
2032322
In base 3, what is 12 + 1211101122?
1211101211
In base 6, what is 254441 - -5?
254450
In base 6, what is -204344 + -2?
-204350
In base 14, what is 6894a8 + 4?
6894ac
In base 10, what is 23468 + -12?
23456
In base 14, what is ca7a + 3?
ca7d
In base 5, what is -311140 - 3?
-311143
In base 13, what is 7ca1b8 + -1?
7ca1b7
In base 7, what is -1665 - -302?
-1363
In base 12, what is 1 - 20a66?
-20a65
In base 11, what is -61744 - 6?
-6174a
In base 7, what is -225500 + 43?
-225424
In base 3, what is -220112210 + -12?
-220112222
In base 15, what is 370 - 31?
33e
In base 11, what is -716 - -44?
-682
In base 15, what is -4 + -656?
-65a
In base 12, what is -144a8 + 4?
-144a4
In base 16, what is 6e68 - -c3?
6f2b
In base 4, what is 20232 - 122?
20110
In base 11, what is -17658a + 9?
-176581
In base 4, what is -302003 - 23?
-302032
In base 3, what is 10010020111 + -10?
10010020101
In base 13, what is 1 + 14b1?
14b2
In base 5, what is 12 + -21410?
-21343
In base 12, what is 1053 + -827?
428
In base 11, what is 2288 - -24?
2301
In base 14, what is -18d3 - 25?
-1918
In base 6, what is -44 + -554?
-1042
In base 14, what is -230d6 - 4?
-230da
In base 6, what is 11 - -1205050?
1205101
In base 9, what is -2 - 3218?
-3221
In base 8, what is 4437 - 14?
4423
In base 11, what is aa + -52?
58
In base 8, what is 2332 + -1?
2331
In base 9, what is 1738 + -1?
1737
In base 14, what is 18165 - c?
18157
In base 11, what is 3 + -83433?
-83430
In base 2, what is 100010100101100011 + 10?
100010100101100101
In base 10, what is 141465 - 11?
141454
In base 4, what is -300 + -1232?
-2132
In base 5, what is 1 - 331210?
-331204
In base 7, what is -236 + 40146?
36610
In base 11, what is 2206 - 4a?
2167
In base 10, what is -1553 - 14?
-1567
In base 10, what is 7932 + -187?
7745
In base 6, what is -5 + 3334014?
3334005
In base 16, what is -478 + -91?
-509
In base 4, what is 11030322 + -11?
11030311
In base 6, what is -341100 + -230?
-341330
In base 3, what is -2111 - -10002202?
10000021
In base 15, what is -2d + -132ad?
-132db
In base 5, what is 412004 + 2104?
414113
In base 6, what is 1233105 + 5?
1233114
In base 10, what is -4 - -111389?
111385
In base 4, what is -323213023 + -100?
-323213123
In base 5, what is -2101021 + 110?
-2100411
In base 14, what is -194 + 27c?
c8
In base 14, what is -3d88a - 2?
-3d88c
In base 11, what is -9 - -11559?
11550
In base 10, what is -3202 + -67?
-3269
In base 4, what is 2 - -22223300?
22223302
In base 15, what is -2 - 4c76e?
-4c771
In base 8, what is 450152 + 55?
450227
In base 11, what is 11 - 1239?
-1228
In base 8, what is 67 + 330326?
330415
In base 3, what is -211 - 12112012?
-12120000
In base 3, what is -110 - 110201222021?
-110201222201
In base 5, what is 2013 + -2131?
-113
In base 9, what is -1648 - 146?
-1805
In base 5, what is 3 + 422234?
422242
In base 5, what is 1 + 1233041?
1233042
In base 14, what is -198b9 - -2?
-198b7
In base 16, what is 1 + -1dac5?
-1dac4
In base 9, what is -8784778 - -4?
-8784774
In base 9, what is -20 - 114103?
-114123
In base 9, what is -173 - -823?
640
In base 16, what is -a4 - 86?
-12a
In base 14, what is 39562 + -3?
3955d
In base 5, what is 4 + 214134?
214143
In base 14, what is 5 - -5ba62?
5ba67
In base 3, what is -2112 - -1020100211?
1020021022
In base 14, what is 0 - -12a9?
12a9
In base 13, what is -2 + -954?
-956
In base 4, what is 1212022 + 11331?
1230013
In base 6, what is 14305 + 40?
14345
In base 8, what is 1762 + -2001?
-17
In base 12, what is -2 + -2b5339?
-2b533b
In base 15, what is -1a + -12a2?
-12bc
In base 10, what is -4911 + -4?
-4915
In base 12, what is 0 - -183585?
183585
In base 3, what is 1021 + -10022100?
-10021002
In base 11, what is -1 + 15878?
15877
In base 2, what is 0 - 1100001101111101000?
-1100001101111101000
In base 6, what is -13 + -2021343?
-2021400
In base 3, what is -20001212 - 1?
-20001220
In base 15, what is 3 - 1c3a6?
-1c3a3
In base 5, what is 40404422 + 2?
40404424
In base 2, what is -1001100100110010010 - -1011?
-1001100100110000111
In base 3, what is -101212111 - 11021?
-102000202
In base 3, what is -11 + 101102102201?
101102102120
In base 9, what is -4415 + 268?
-4136
In base 2, what is 11101010101001 + -101?
11101010100100
In base 14, what is -1793 + -4?
-1797
In base 16, what is 3cea2 - 0?
3cea2
In base 8, what is 117061 - -3?
117064
In base 2, what is -11010100000100111010 + -11?
-11010100000100111101
In base 4, what is -2 + -100310121?
-100310123
In base 13, what is 25713 - 3?
25710
In base 3, what is -10021 - -1122221?
1112200
In base 4, what is 1233 + -3312?
-2013
In base 2, what is -1101 + 11100111000100?
11100110110111
In base 7, what is -1 - 14041443?
-14041444
In base 12, what is -b8 - -1224?
1128
In base 2, what is -11011101110110011 + -100000?
-11011101111010011
In base 16, what is -357e - 1?
-357f
In base 15, what is -5a - 621?
-67b
In base 2, what is -11010111001 - 1010011111?
-100101011000
In base 7, what is -3 - 4401442?
-4401445
In base 15, what is 250926 - 5?
250921
In base 5, what is 203032 + 1443?
210030
In base 16, what is -4dff + 8?
-4df7
In base 16, what is -4 - -67495?
67491
In base 3, what is -110222 + -12?
-111011
In base 13, what is -6a5c + 5?
-6a57
In base 16, what is 1cd - -a08?
bd5
In base 15, what is 0 + 82ce?
82ce
In base 2, what is 0 + -111010011100000100?
-111010011100000100
In base 4, what is -2123121 + -23?
-2123210
In base 5, what is -403033 + -103?
-403141
In base 15, what is 162 - 3b?
126
In base 3, what is -20212101010 + 21?
-20212100212
In base 10, what is 176983 + 3?
176986
In base 10, what is -12639 + 2?
-12637
In base 13, what is 4 - -1222?
1226
In base 15, wha